ate the remainder when 374 is divided by 285.
89
Calculate the remainder when 22981 is divided by 11471.
39
Calculate the remainder when 204590 is divided by 68.
46
Calculate the remainder when 4155 is divided by 3653.
502
What is the remainder when 45164 is divided by 24?
20
What is the remainder when 66902 is divided by 470?
162
Calculate the remainder when 3876 is divided by 16.
4
What is the remainder when 4724 is divided by 1278?
890
Calculate the remainder when 5587 is divided by 622.
611
Calculate the remainder when 165757 is divided by 185.
182
Calculate the remainder when 2282239 is divided by 109.
106
What is the remainder when 19716 is divided by 19?
13
Calculate the remainder when 42022 is divided by 126.
64
Calculate the remainder when 12813 is divided by 12.
9
Calculate the remainder when 3509 is divided by 434.
37
Calculate the remainder when 733378 is divided by 85.
83
Calculate the remainder when 761191 is divided by 152238.
1
Calculate the remainder when 196741 is divided by 361.
357
Calculate the remainder when 72137 is divided by 71954.
183
Calculate the remainder when 6917 is divided by 61.
24
What is the remainder when 225141 is divided by 18?
15
Calculate the remainder when 185 is divided by 116.
69
Calculate the remainder when 62434 is divided by 181.
170
What is the remainder when 20119 is divided by 10053?
13
What is the remainder when 5280 is divided by 117?
15
What is the remainder when 8701 is divided by 1083?
37
Calculate the remainder when 11239 is divided by 673.
471
What is the remainder when 3006 is divided by 277?
236
Calculate the remainder when 3432 is divided by 855.
12
What is the remainder when 19377 is divided by 35?
22
What is the remainder when 10828 is divided by 1353?
4
Calculate the remainder when 17224 is divided by 3440.
24
What is the remainder when 91995 is divided by 113?
13
Calculate the remainder when 99265 is divided by 2025.
40
Calculate the remainder when 335474 is divided by 71.
70
What is the remainder when 2195090 is divided by 548770?
10
What is the remainder when 18076 is divided by 21?
16
What is the remainder when 5034 is divided by 29?
17
What is the remainder when 10611 is divided by 10601?
10
What is the remainder when 279345 is divided by 6?
3
Calculate the remainder when 1552 is divided by 382.
24
Calculate the remainder when 76604 is divided by 9574.
12
What is the remainder when 709 is divided by 38?
25
Calculate the remainder when 2333 is divided by 51.
38
Calculate the remainder when 26621 is divided by 13295.
31
What is the remainder when 194648 is divided by 13?
12
What is the remainder when 9367 is divided by 46?
29
Calculate the remainder when 75266 is divided by 407.
378
What is the remainder when 4390 is divided by 1438?
76
What is the remainder when 36914 is divided by 397?
390
What is the remainder when 268708 is divided by 23?
22
Calculate the remainder when 28674 is divided by 683.
671
Calculate the remainder when 6603 is divided by 67.
37
Calculate the remainder when 229603 is divided by 349.
310
Calculate the remainder when 166830 is divided by 6951.
6
Calculate the remainder when 15502 is divided by 849.
220
Calculate the remainder when 74434 is divided by 24780.
94
Calculate the remainder when 1094 is divided by 1044.
50
Calculate the remainder when 6191 is divided by 693.
647
Calculate the remainder when 267868 is divided by 133928.
12
What is the remainder when 3103036 is divided by 18?
16
Calculate the remainder when 30482 is divided by 897.
881
What is the remainder when 85576 is divided by 36?
4
What is the remainder when 18610 is divided by 153?
97
Calculate the remainder when 5668 is divided by 563.
38
Calculate the remainder when 9951 is divided by 415.
406
Calculate the remainder when 311378 is divided by 51896.
2
Calculate the remainder when 65435 is divided by 711.
23
What is the remainder when 235 is divided by 64?
43
Calculate the remainder when 26064 is divided by 8684.
12
Calculate the remainder when 636505 is divided by 454.
451
What is the remainder when 1272 is divided by 228?
132
What is the remainder when 21904 is divided by 1337?
512
What is the remainder when 457339 is divided by 471?
469
What is the remainder when 16140 is divided by 1072?
60
Calculate the remainder when 4540 is divided by 328.
276
What is the remainder when 165993 is divided by 250?
243
What is the remainder when 248942 is divided by 4526?
12
Calculate the remainder when 2192 is divided by 1066.
60
Calculate the remainder when 12589 is divided by 5756.
1077
Calculate the remainder when 3181 is divided by 319.
310
Calculate the remainder when 8341 is divided by 14.
11
Calculate the remainder when 70893 is divided by 1969.
9
What is the remainder when 1573 is divided by 40?
13
What is the remainder when 59330 is divided by 20?
10
Calculate the remainder when 16637 is divided by 693.
5
Calculate the remainder when 2973 is divided by 432.
381
Calculate the remainder when 1177557 is divided by 360.
357
Calculate the remainder when 390777 is divided by 1146.
1137
What is the remainder when 370676 is divided by 11?
9
What is the remainder when 5025 is divided by 78?
33
Calculate the remainder when 1404 is divided by 58.
12
Calculate the remainder when 1157 is divided by 364.
65
What is the remainder when 40840 is divided by 35?
30
Calculate the remainder when 677 is divided by 324.
29
Calculate the remainder when 586678 is divided by 501.
7
What is the remainder when 7145 is divided by 408?
209
What is the remainder when 77858 is divided by 52?
14
Calculate the remainder when 4180 is divided by 415.
30
Calculate the remainder when 1435 is divided by 124.
71
What is the remainder when 2756 is divided by 110?
6
What is the remainder when 100756 is divided by 19?
18
Calculate the remainder when 884 is divided by 148.
144
What is the remainder when 4021 is divided by 41?
3
What is the remainder when 255 is divided by 203?
52
Calculate the remainder when 2555 is divided by 1273.
9
What is the remainder when 416817 is divided by 30?
27
What is the remainder when 644668 is divided by 322330?
8
What is the remainder when 13249 is divided by 29?
25
What is the remainder when 113198 is divided by 182?
176
What is the remainder when 22458 is divided by 20?
18
Calculate the remainder when 152960 is divided by 69.
56
What is the remainder when 6799 is divided by 120?
79
What is the remainder when 13257 is divided by 864?
297
Calculate the remainder when 1191257 is divided by 24.
17
What is the remainder when 16397 is divided by 114?
95
What is the remainder when 9362 is divided by 64?
18
Calculate the remainder when 105343 is divided by 671.
667
Calculate the remainder when 634 is divided by 143.
62
What is the remainder when 155615 is divided by 301?
299
Calculate the remainder when 31875 is divided by 51.
0
Calculate the remainder when 787590 is divided by 131265.
0
Calculate the remainder when 36316 is divided by 123.
31
What is the remainder when 39580 is divided by 1324?
1184
What is the remainder when 5881 is divided by 37?
35
Calculate the remainder when 8662 is divided by 616.
38
What is the remainder when 4906 is divided by 1214?
50
Calculate the remainder when 639858 is divided by 691.
683
What is the remainder when 1760 is divided by 66?
44
What is the remainder when 1764490 is divided by 113?
108
Calculate the remainder when 26830 is divided by 309.
256
Calculate the remainder when 121341 is divided by 1785.
1746
Calculate the remainder when 1403 is divided by 182.
129
What is the remainder when 12916 is divided by 2583?
1
Calculate the remainder when 2266 is divided by 78.
4
What is the remainder when 4274 is divided by 49?
11
What is the remainder when 22427 is divided by 28?
27
What is the remainder when 31275 is divided by 170?
165
Calculate the remainder when 9576 is divided by 494.
190
What is the remainder when 55368 is divided by 692?
8
Calculate the remainder when 1075 is divided by 30.
25
Calculate the remainder when 100840 is divided by 67.
5
What is the remainder when 6290 is divided by 2090?
20
Calculate the remainder when 1781 is divided by 1181.
600
Calculate the remainder when 138587 is divided by 46193.
8
Calculate the remainder when 7136 is divided by 25